 -377. List the prime factors of 768*(-6)/j + 2/2.
5, 7, 11
Let i(x) be the second derivative of 1/20*x**5 - 15/2*x**2 + 0 - 7*x - 31/6*x**3 + x**4. List the prime factors of i(-14).
3
Suppose -17*g + 20*g = 1566. Suppose g - 90 = 3*t. List the prime factors of t.
2, 3
List the prime factors of (1/(-3))/((-174)/15867234).
113, 269
Suppose -6*c + 22 = -68. What are the prime factors of -205*(27/c + -3 + 0)?
2, 3, 41
Suppose 4*q + h - 10164 = 0, -h = -3*q + q + 5076. What are the prime factors of q?
2, 5, 127
Let g be (31 + -34)*23/(-3). Suppose 15*x = g*x - 1128. What are the prime factors of x?
3, 47
Suppose -3*m + 4909 = o, 2*o + 43 - 51 = 0. What are the prime factors of m?
3, 5, 109
Let j(m) be the first derivative of -19*m**2/2 - 34*m - 127. What are the prime factors of j(-7)?
3, 11
What are the prime factors of 23/(552/(-9528))*-111?
3, 37, 397
Let n(t) = -3*t**2 - 2*t**2 + 6*t + 47 - 50 + t**3. Let f(k) = -3*k - 14. Let w be f(-7). What are the prime factors of n(w)?
137
Let a(f) = -f. Let y be a(-3). Let l = 994 - 988. Suppose -30 = -y*v + l. List the prime factors of v.
2, 3
Suppose -3*n + 16092 = -4*c - 19609, -5*n - 3*c = -59463. Let l be (-1 + -1)/((-30)/n). List the prime factors of 2/(-4) - l/(-26).
2, 3, 5
Let c(g) = g**2 - 4*g - 14. Suppose -15 = -8*t + 49. Let j be c(t). What are the prime factors of ((-6)/j)/((-1)/225)?
3, 5
Suppose 2*d - 7 = -15. Let o be ((-2)/d)/((-11)/(-88)). Let f = 58 - o. What are the prime factors of f?
2, 3
Suppose 7*o - 12 = 2. Suppose 2*w = s - 7, -2*s - o*w + 18 = 2*s. Suppose 0 = q + 1, -s*v + 0*v = -5*q - 45. List the prime factors of v.
2
Let j = 141 + -2. Suppose c - 4 = j. Suppose 9*r - 11*r - 155 = -g, 2*r - c = -g. List the prime factors of g.
149
Suppose q - 61 = 2*a - 2*q, -3*a = 4*q + 49. Let z = 26 + a. Suppose c - 104 = -z*j + 3*c, -5*j + 170 = -5*c. List the prime factors of j.
2, 3
Let l(j) = 16*j**3 + 7*j**2 - 52*j + 54. What are the prime factors of l(9)?
3, 13, 101
Let j = 10 - 4. Suppose 60*x = 37*x + 184. Suppose -j*o = -x*o + 364. List the prime factors of o.
2, 7, 13
Let z(n) = 159*n + 7. Let b(y) = -1432*y - 64. Let h(j) = 3*b(j) + 28*z(j). Let o be h(5). Suppose 6*k = -2*k + o. List the prime factors of k.
2, 7
Let u be (-13 + -54)*(-1 - -14). Let q = u - 280. What are the prime factors of (-8)/(-48) + q/(-6)?
2, 3
Suppose -32*j + 33*j - 5*x - 8108 = 0, 4*x = 2*j - 16246. List the prime factors of j.
3, 2711
Let l(j) = j - 11. Let g be l(17). Let f(o) = 2*o**2 + 8*o - 13. Let y be f(g). Suppose 6*z - y = 529. What are the prime factors of z?
2, 53
Let f(u) = -2*u**3 + 2*u**2 + 7*u - 4. Let h(s) = 99*s**3 - 98*s**3 + s - s**2 - 2*s. Let t(k) = f(k) + 3*h(k). What are the prime factors of t(3)?
2, 13
Let j(a) = -a**2 - 12*a + 19. Suppose -40 = -4*g - 4*r, -2*r = 2*g + 3*r - 11. Suppose -g = 21*s - 20*s. List the prime factors of j(s).
2, 3
Suppose 4*v - 10 = -v. Suppose -1 = o + j, 2*o - 3 = -25*j + 28*j. Suppose o = 2*p + i - 267, 0 = -7*p + v*p + 2*i + 690. List the prime factors of p.
2, 17
Let g(c) = 72*c + 49. Let p be g(43). Suppose 5*j + 2520 = 4*m, 0*j - p = -5*m + 5*j. List the prime factors of m.
5
Let z be (-2 + 0)*(4 - (-990)/(-12)). Suppose -4*q + 317 = -5*c, 2*q + 5*c - z = 6*c. List the prime factors of q.
2, 3, 13
Suppose -2*i = -2, -93361 = -2516*f + 2514*f - 5*i. What are the prime factors of f?
2, 23339
Let m be ((-14)/(-10) + -1)/(15/(-225)). List the prime factors of 15*(-212)/m + (-1 - 2).
17, 31
Suppose 0 = -4*m + 11 + 1, -5*m + 29717 = 2*t. What are the prime factors of t?
14851
Suppose 13*h - 525 = 6*h. Suppose -14*z + 2165 = -h. What are the prime factors of z?
2, 5
Let n(d) = -d**3 + 12*d**2 - 12*d + 22. Let c(h) = -h**3 + 5*h**2 + 11*h - 19. Let v be c(6). Suppose -8*q = -v*q + 33. List the prime factors of n(q).
11
Suppose -7*c - 4*c = 55. Let r be -1 + (-879)/c - 2/(-10). Suppose -57 = -2*p - t + r, 5*p + 2*t - 581 = 0. List the prime factors of p.
3, 13
Suppose 9*a + 2933 = 2*a. Let i = -229 - a. Suppose d - 6*d = -i. List the prime factors of d.
2, 19
Let f be (2/4)/((-2)/(-2 + 22)). Let p(n) = -19*n - 17. Let z be p(f). Suppose 0 = 2*s - 24 - z. What are the prime factors of s?
3, 17
Let c(i) = 30*i**2 + 12*i + 281. List the prime factors of c(21).
13763
Let y = -3998 + 9268. What are the prime factors of y?
2, 5, 17, 31
Let d = 27042 + -6574. What are the prime factors of d?
2, 7, 17, 43
Suppose 38*s - 35*s = -132. Let x = s - -172. List the prime factors of x.
2
Let u = -23 + 27. Suppose n = -1, -p + 5*n + 3680 = u*p. Suppose 0 = -3*q - 2*q + p. List the prime factors of q.
3, 7
Let f(w) = -234 - 46*w + 113*w - 35*w + 144*w. List the prime factors of f(12).
2, 3, 313
Let t(o) = 2*o**2 + 27*o - 9. Let n be t(-14). Suppose 3 = -n*h - 2*b + b, 4*h = 4*b - 12. What are the prime factors of (31/h)/(2/(-6))?
3, 31
Suppose 5*j - 65 = -4*x, 4*j - 23 - 33 = -4*x. Suppose -1923 = -4*b - 3*o, -4*o = -7*o - j. List the prime factors of b.
3, 7, 23
Let t(q) = q**2 + 5*q - 2. Let f be t(-6). Suppose -c - 2*x + 351 = -f*x, 4*c - 1411 = x. List the prime factors of c.
353
Let w(j) = 3*j**3 - 140*j**2 + 119*j - 329. List the prime factors of w(51).
37, 1069
Let b = 23571 - 16389. What are the prime factors of b?
2, 3, 7, 19
Let o(a) = 93*a - 30. Let d be o(-3). Let z = d + 482. List the prime factors of z.
173
Let z be (-3 + -1)/(-1) + 16. What are the prime factors of 1885/7 + z/(-70)?
269
Let q(x) = 4*x + 5. Suppose -6 = -n + 4*c, -3*n + 4*c + 3 = 1. Let o(k) = -21*k - 25. Let t(d) = n*o(d) - 11*q(d). What are the prime factors of t(-10)?
3, 5
Let n = 85842 + -42300. List the prime factors of n.
2, 3, 41, 59
Suppose -4693 + 1677 = -4*i. Let m = i + -266. What are the prime factors of m?
2, 61
Suppose -j + 3*j + 11 = -5*o, 0 = 3*j + 5*o + 9. Suppose p + 1140 = j*p. What are the prime factors of p?
2, 3, 5, 19
Let d = 66517 + -44269. List the prime factors of d.
2, 3, 103
Let y(b) = b**3 + 18*b**2 - 18*b + 23. Let q be y(-19). Suppose -2*h - 2*h - q*d = -1692, 5*d + 1245 = 3*h. List the prime factors of h.
2, 3, 5, 7
Let p = -108 + 130. Let v(y) = -y**3 + 3*y**2 - y - 2. Let i be v(2). Suppose i = -5*o + 562 - p. List the prime factors of o.
2, 3
Let a = -10190 + 12711. What are the prime factors of a?
2521
Let z = 456 - 458. List the prime factors of z/18 - 68135/(-45).
2, 757
List the prime factors of ((-52)/65)/(2/10 - (-50514)/(-252510)).
2, 19, 443
Let b = 4542 - 3094. What are the prime factors of b?
2, 181
Suppose 4*h - 115 - 45 = 0. Suppose 11*f - h = 3*f. Suppose -4*y = -5*s + y + 520, -f*s + 517 = -2*y. List the prime factors of s.
103
Suppose -7401 - 1849 = -2*h. What are the prime factors of h?
5, 37
Let p(q) = -25 + 36*q**2 - 22*q**2 - q + 5*q. Suppose 24*v + 8 = 26*v. What are the prime factors of p(v)?
5, 43
Let s(f) = 3*f**3 - 11*f**2 + 9*f + 6. Let u be s(7). Let y = 14 + u. Suppose -4*l + y = -91. List the prime factors of l.
2, 83
Let w be (-4)/(-8) - (15/(-10))/3. List the prime factors of 745 + (-1 - (-4)/4)/w.
5, 149
Suppose -5*u = -3*u - 6. Suppose 36 = -2*j + 566. Suppose -2*x - u*x + 181 = 3*b, -j = -5*b - x. What are the prime factors of b?
2, 13
Suppose 0 = -5*a - 10, -18*a + 17*a = 4*i - 2. Let c = -2 + 1. What are the prime factors of (-79 - c)/(-6) + 0 + i?
2, 7
Let q(l) be the first derivative of -13 + 10*l + 2*l**2 - 4*l**2 + l**2 - 5*l**2. List the prime factors of q(-6).
2, 41
Suppose 8*p + 1260 = -p. Let o be (p/(-6))/((-6)/36*2). Let x = o - -138. What are the prime factors of x?
2, 17
Suppose 222*m - 216*m = 81120. List the prime factors of m.
2, 5, 13
Suppose 11 = 3*c - 3*x - 4, -2*x - 18 = -4*c. Suppose -400 - 988 = -c*y. List the prime factors of y.
347
Let f = 1698 - -10143. List the prime factors of f.
3, 3947
Let c = 2458 + -1487. List the prime factors of c.
971
Let r(a) = a**3 - 25*a**2 + 10. Let k be r(21). Let h = -908 - k. What are the prime factors of h?
2, 3, 47
Suppose 3770 = 3*j - 5*k - 1264, 0 = -5*k. Suppose j = -0*o + 5*o + 3*m, 3*o = -m + 1006. What are the prime factors of o?
5, 67
Suppose 0 = 4*a - 3*m - 31628, -2*m - 9870 = -2*a + 5944. List the prime factors of a.
7907
Suppose 4*c = 15*i - 19*i + 57048, 3*c - 42793 = 4*i. List the prime factors of c/15 - (292/60 + -5).
3, 317
Suppose -17 = -10*p